et k(i) = i**2 + 7*i - 333. Give k(-23).
35
Let p(w) = -w**2 + 147*w - 5147. Determine p(73).
255
Let n(x) = 3*x**2 + 84*x + 161. Determine n(-26).
5
Let f(i) = 104*i - 10073. What is f(96)?
-89
Let m(p) = p**3 - 51*p**2 + 179*p - 43. Give m(47).
-466
Let x(p) = 118*p - 119. Calculate x(6).
589
Let v(f) = 4*f**3 - 16*f**2 + 6*f - 17. Calculate v(4).
7
Let n(o) = o**3 - 45*o**2 - 130*o + 43. Calculate n(48).
715
Let u(f) = -f**2 + 52*f + 4352. Calculate u(-45).
-13
Let n(x) = x**2 - 106*x + 1119. Give n(12).
-9
Let s(n) = 50*n - 3160. Determine s(63).
-10
Let u(q) = q**3 - 46*q + 28. Give u(-7).
7
Let d(s) = -s**3 + 34*s**2 - 32*s + 63. Calculate d(33).
96
Let r(o) = 51*o - 5864. Determine r(115).
1
Let m(k) = -487*k - 11698. Give m(-24).
-10
Let o(h) = 8*h + 248. Give o(-59).
-224
Let z(k) = k**3 + 15*k**2 - 84*k - 257. What is z(-18)?
283
Let p(q) = 3*q**3 + 20*q**2 - 17*q - 64. Give p(-7).
6
Let g(c) = -12*c + 18. Calculate g(2).
-6
Let b(u) = -394*u + 1589. What is b(4)?
13
Let s(y) = 2*y**3 + 45*y**2 - 55*y + 24. What is s(-24)?
-384
Let j(v) = -v**3 + 21*v**2 + 45*v - 24. What is j(23)?
-47
Let b(w) = w**2 - 129*w + 3737. Give b(44).
-3
Let f(u) = u**3 + 7*u**2 + 28*u + 84. What is f(-5)?
-6
Let y(k) = 3*k**3 - 312*k**2 + 16*k - 1662. Calculate y(104).
2
Let f(x) = x**3 - 8*x**2 - 250*x - 114. Calculate f(-12).
6
Let q(g) = -6*g**3 + 8*g**2 - 19*g + 6. Determine q(2).
-48
Let d(c) = -7*c**2 + 395*c + 219. What is d(57)?
-9
Let h(j) = -j**2 + 163*j + 723. Calculate h(-4).
55
Let a(z) = 5*z**2 - 84*z + 333. What is a(6)?
9
Let h(p) = -3*p**3 - 87*p**2 - 4*p - 116. Determine h(-29).
0
Let b(m) = -2*m**2 - 577*m + 13991. Give b(-311).
-4
Let n(f) = -f**2 - 63*f - 417. What is n(-7)?
-25
Let s(o) = o**3 - 15*o**2 + 24*o - 74. Calculate s(12).
-218
Let d(u) = 41*u**2 + 656*u + 11. What is d(-16)?
11
Let o(x) = -6*x**2 + 91*x - 10. Give o(14).
88
Let j(k) = 2*k**2 - 43*k + 278. What is j(7)?
75
Let v(c) = -78*c - 2. Give v(2).
-158
Let h(x) = 323*x**2 + 10*x + 8. Give h(-1).
321
Let c(b) = -11*b**2 - 93*b - 45. Calculate c(-8).
-5
Let o(b) = -2*b**3 - 19*b**2 + 12*b + 7. Determine o(-10).
-13
Let i(r) = -8*r - 305. What is i(-26)?
-97
Let g(w) = -5*w**2 - 654*w - 1156. Calculate g(-129).
5
Let i(b) = -38*b**2 - 32*b - 124. Determine i(-4).
-604
Let v(h) = 6*h - 41. Determine v(-1).
-47
Let a(k) = -k**3 - 3*k**2 - 1475*k - 4435. Give a(-3).
-10
Let b(r) = r**3 - 173*r**2 - 320*r - 5304. Determine b(175).
-54
Let r(s) = -22*s + 535. Determine r(24).
7
Let h(a) = a + 18. Calculate h(14).
32
Let p(o) = 203*o**2 + 23*o - 19. What is p(1)?
207
Let p(v) = -v**3 - 48*v**2 - 64*v - 807. What is p(-47)?
-8
Let t(c) = -c**2 - 26*c + 818. Calculate t(18).
26
Let p(a) = -7*a**2 + 513*a - 1132. Calculate p(71).
4
Let y(j) = 3*j**3 - 4*j**2 + 8*j - 14. What is y(2)?
10
Let f(u) = 5*u**2 - 241*u + 40. Calculate f(48).
-8
Let v(b) = -3*b**3 - 22*b**2 + 37*b + 154. What is v(-8)?
-14
Let q(k) = -41*k - 4571. What is q(-104)?
-307
Let i(t) = 518*t + 1580. Determine i(-3).
26
Let n(d) = -7*d**3 - 5*d**2 - 9*d - 8. Give n(-3).
163
Let v(t) = -182*t + 13076. Give v(72).
-28
Let b(o) = 10*o**2 - 52*o - 52. What is b(-1)?
10
Let u(n) = n**3 - 13*n**2 + 41*n - 357. Give u(12).
-9
Let p(z) = z**2 - 71*z - 2650. Determine p(98).
-4
Let a(g) = -g**2 - 784*g + 7157. Calculate a(9).
20
Let a(u) = -5*u**2 + 21*u - 88. Determine a(10).
-378
Let f(w) = 320*w**2 - 1925*w + 16. Determine f(6).
-14
Let k(h) = h**2 - 147*h + 5343. Give k(65).
13
Let f(c) = -73*c - 269. Give f(-6).
169
Let r(x) = 5*x**2 - 217*x + 67. Determine r(43).
-19
Let q(o) = 61*o**2 + 87*o + 177. Calculate q(-2).
247
Let d(v) = -3*v**2 + 29*v - 25. Determine d(13).
-155
Let u(w) = 2785*w - 78009. Give u(28).
-29
Let w(j) = j**2 + 51*j + 377. Give w(-42).
-1
Let m(n) = 110*n - 8026. What is m(73)?
4
Let i(o) = -35*o**2 + 314*o + 11. Calculate i(9).
2
Let t(f) = -f**2 + 44*f + 86. Determine t(-2).
-6
Let y(z) = -6*z**2 + 23*z - 16. Give y(5).
-51
Let h(p) = 74*p**2 + 171*p - 337. Give h(2).
301
Let k(n) = -n**3 - n**2 + 8*n - 13. Calculate k(-3).
-19
Let y(f) = 2*f + 210. Calculate y(-82).
46
Let z(y) = -2*y**2 + 44*y + 324. Determine z(28).
-12
Let f(d) = d**2 + 719*d - 2174. Calculate f(3).
-8
Let t(u) = 7*u**3 - 1485*u**2 + 215*u - 635. Give t(212).
1
Let x(h) = -h**2 + 74*h - 460. Give x(56).
548
Let g(w) = -5*w**2 + 36*w - 66. What is g(3)?
-3
Let v(z) = -11*z**2 - 315*z - 180. Determine v(-28).
16
Let i(d) = -41*d + 117. Determine i(3).
-6
Let u(k) = -251*k - 1049. Give u(-4).
-45
Let j(c) = -c**3 + 28*c**2 + 645*c - 7. Calculate j(-15).
-7
Let u(i) = -53*i + 5105. Give u(96).
17
Let q(v) = -514*v + 12855. What is q(25)?
5
Let v(z) = -7*z**3 - 818*z**2 + 116*z - 101. What is v(-117)?
16
Let a(j) = 2*j**3 - 6*j**2 + 3*j - 3. What is a(3)?
6
Let l(w) = w**2 - 732*w - 3694. What is l(-5)?
-9
Let n(f) = -13*f**2 - 46*f - 6. What is n(2)?
-150
Let r(q) = 6*q**3 + 2*q**2 - 14*q - 13. Calculate r(-4).
-309
Let s(f) = f**3 - 4*f**2 - 25*f + 30. Determine s(7).
2
Let m(x) = -x**2 + 22*x - 74. Give m(8).
38
Let a(k) = -34*k**3 + 2*k**2 + 58*k - 57. Determine a(1).
-31
Let s(g) = 21*g**2 + 47*g - 51. What is s(-3)?
-3
Let s(w) = w**2 + 683*w + 10708. What is s(-16)?
36
Let i(z) = -z**2 - 70*z - 906. What is i(-14)?
-122
Let i(d) = -5*d**3 + 713*d**2 + 1008*d - 15. Determine i(144).
-15
Let g(a) = 4*a**3 - 37*a**2 + 106*a - 2. Give g(4).
86
Let w(p) = -p**3 + 115*p**2 - 851*p - 540. What is w(107)?
-5
Let m(f) = 33*f - 304. Determine m(8).
-40
Let k(p) = 131*p - 2299. Give k(18).
59
Let g(h) = -12*h**2 - 16*h + 4. Determine g(3).
-152
Let z(m) = -m**2 + 6*m + 56. Calculate z(-5).
1
Let m(p) = -p**3 + 48*p**2 + 25. Determine m(48).
25
Let f(q) = 22*q**2 + 145*q + 600. Give f(-4).
372
Let l(c) = -73*c - 697. Calculate l(-10).
33
Let x(o) = 30*o + 332. What is x(-8)?
92
Let w(s) = -5*s**2 + 3*s + 62. Give w(-3).
8
Let b(y) = 2*y**2 + 108*y + 191. Determine b(-52).
-17
Let y(k) = -6*k**3 + 62*k**2 - 156*k - 6. Calculate y(6).
-6
Let f(b) = 2132*b - 2125. Determine f(1).
7
Let z(o) = 66*o + 772. Give z(-10).
112
Let q(z) = -16*z**2 + 21*z + 31. Determine q(-5).
-474
Let h(m) = 197*m + 980. Calculate h(-5).
-5
Let p(r) = -8*r + 459. Calculate p(56).
11
Let i(h) = -154*h - 2. What is i(-1)?
152
Let s(p) = -3*p**2 - 51*p - 191. What is s(-4)?
-35
Let t(c) = 2*c**3 - 30*c**2 + 162*c - 27. Calculate t(12).
1053
Let b(a) = 5*a**2 + 371*a + 1481. Determine b(-70).
11
Let b(u) = -2*u**2 + 22*u - 47. Give b(9).
-11
Let p(y) = 2*y - 131. Determine p(-21).
-173
Let v(r) = -r - 87. Calculate v(-66).
-21
Let f(v) = -37*v - 6146. Calculate f(-166).
-4
Let m(n) = -n - 41. Determine m(-14).
-27
Let o(r) = r**2 - 26*r - 18. Give o(19).
-151
Let c(d) = d**2 - 28*d - 294. What is c(36)?
-6
Let h(u) = u**3 - 2*u**2 + 7*u - 5. Calculate h(3).
25
Let h(g) = 82*g + 1813. Determine h(-22).
9
Let r(o) = -3*o**2 + 123*o + 905. Calculate r(-9).
-445
Let g(p) = -705*p - 1335. Give g(-2).
75
Let v(r) = 5*r - 142. Determine v(-3).
-157
Let x(j) = -j**3 + 13*j**2 + 229*j + 8. Calculate x(23).
-15
Let o(d) = 17*d**2 + 76*d + 59. What is o(-3)?
-16
Let p(y) = y**3 + 222*y**2 - 232*y - 2006. Give p(-223).
1
Let j(g) = -132*g - 2787. Calculate j(-21).
-15
Let m(i) = 114*i - 33. Give m(-1).
-147
Let t(h) = h**3 - 10*h**2 + 16*h. Give t(7).
-35
Let g(n) = 6*n**2 - 34*n + 3. Calculate g(6).
15
Let r(q) = -10*q**2 - 30*q - 34. Calculate r(-3).
-34
Let c(f) = -f - 48. Calculate c(-17).
-31
Let l(z) = -131*z - 2088. Calculate l(-17).
139
Let z(t) = 2*t**3 + 7*t**2 - 83*t - 330. Calculate z(-5).
10
Let w(c) = -c**2 + 43*c + 1151. Determine w(62).
-27
Let o(i) = 47*i - 1359. Determine o(29).
4
Let s(y) = -y**3 + 42*y**2 + y - 66. What is s(42)?
-24
Let a(k) = k**3 - 3*k**2 + 290*k - 2358. Determine a(8).
282
Let c(d) = -d**2 + 17*d - 97. Calculate c(9).
-25
Let q(a) = 3*a**2 - 14*a - 54. What is q(8)?
26
Let y(t) = -5*t**3 + 3*t**2 + t + 25. Calculate y(0).
25
Let y(l) = l**2 - 65*l + 755. Give y(15).
5
Let b(s) = s**3 + 150*s**2 - 473*s - 2139. What is b(-153)?
3
Let u(p) = 392*p + 794. Determine u(-2).
10
Let r(b) = -3*b + 16. What is r(-11)?
49
Let c(j) = j**2 + 32*j + 46. Calculate c(-27).
-89
Let a(m) = -m**3 + 78*m**2 - 151*m - 70. Calculate a(76).
6
Le